{"id":3107,"date":"2020-10-25T08:29:02","date_gmt":"2020-10-25T01:29:02","guid":{"rendered":"http:\/\/localhost:8888\/test\/?page_id=520"},"modified":"2021-01-14T18:04:13","modified_gmt":"2021-01-14T11:04:13","slug":"about","status":"publish","type":"page","link":"https:\/\/remcuanhuy.vn\/r\/about\/","title":{"rendered":"Gi\u1edbi Thi\u1ec7u"},"content":{"rendered":"\r\n\n  <div class=\"banner has-hover has-parallax\" id=\"banner-1964634718\">\n          <div class=\"banner-inner fill\">\n        <div class=\"banner-bg fill\" data-parallax=\"-3\" data-parallax-container=\".banner\" data-parallax-background>\n            <div class=\"bg fill bg-fill \"><\/div>\n                        <div class=\"overlay\"><\/div>            \n                    <\/div>\n\t\t\n        <div class=\"banner-layers container\">\n            <div class=\"fill banner-link\"><\/div>                <div id=\"text-box-411153963\" class=\"text-box banner-layer x50 md-x50 lg-x50 y50 md-y50 lg-y50 res-text\">\n                                <div class=\"text-box-content text dark\">\n              \n              <div class=\"text-inner text-center\">\n                  \r\n<h1 class=\"lead\" style=\"text-align: center;\">V\u1ec1 Ch\u00fang T\u00f4i<\/h1>\r\n<p class=\"lead\" style=\"text-align: justify;\">Sau 11 n\u0103m tr\u01b0\u1edfng th\u00e0nh v\u00e0 ph\u00e1t tri\u1ec3n, R\u00c8M C\u1eecA NH\u01af \u00dd l\u00e0 m\u1ed9t trong nh\u1eefng \u0111\u01a1n v\u1ecb T\u01b0 v\u1ea5n &#8211; Thi\u1ebft k\u1ebf &#8211; Ho\u00e0n thi\u1ec7n r\u00e8m c\u1eeda \u0111\u1ee9ng \u0111\u1ea7u tr\u00ean th\u1ecb tr\u01b0\u1eddng. Trong qu\u00e1 tr\u00ecnh ph\u00e1t tri\u1ec3n th\u01b0\u01a1ng hi\u1ec7u R\u00e8m C\u1eeda Nh\u01b0 \u00dd \u0111\u00e3 kh\u00f4ng ng\u1eebng v\u01b0\u01a1n l\u00ean v\u00e0 ng\u00e0y c\u00e0ng kh\u1eb3ng \u0111\u1ecbnh \u0111\u01b0\u1ee3c v\u1ecb th\u1ebf c\u0169ng nh\u01b0 gi\u00e1 tr\u1ecb c\u1ee7a m\u00ecnh b\u1eb1ng ti\u00eau ch\u00ed: \u201cM\u1eabu m\u00e3 \u0111a d\u1ea1ng \u2013 Ch\u1ea5t li\u1ec7u tinh t\u1ebf \u2013 M\u00e0u s\u1eafc sang tr\u1ecdng\u201d\u00a0<\/p>\r\n              <\/div>\n           <\/div>\n                            \n<style>\n#text-box-411153963 {\n  width: 60%;\n}\n#text-box-411153963 .text-box-content {\n  font-size: 100%;\n}\n<\/style>\n    <\/div>\n          <\/div>\n      <\/div>\n\n            \n<style>\n#banner-1964634718 {\n  padding-top: 507px;\n}\n#banner-1964634718 .bg.bg-loaded {\n  background-image: 2860;\n}\n#banner-1964634718 .overlay {\n  background-color: rgba(0, 0, 0, 0.49);\n}\n#banner-1964634718 .ux-shape-divider--top svg {\n  height: 150px;\n  --divider-top-width: 100%;\n}\n#banner-1964634718 .ux-shape-divider--bottom svg {\n  height: 150px;\n  --divider-width: 100%;\n}\n<\/style>\n  <\/div>\n\n <div class=\"row\"  id=\"row-529558191\"> \n\t<div id=\"col-614369936\" class=\"col small-12 large-12\"  >\n\t\t\t\t<div class=\"col-inner\"  >\n\t\t\t\n\t\t\t\r\n<h3 style=\"text-align: center;\">R\u00e8m C\u1eeda Nh\u01b0 \u00dd\u00a0kh\u00f4ng ng\u1eebng \u0111\u1ed5i m\u1edbi v\u00e0 ph\u00e1t tri\u1ec3n<\/h3>\r\n<p style=\"text-align: center;\">V\u1edbi \u0111\u1ed9i ng\u0169 c\u00f4ng nh\u00e2n tay ngh\u1ec1 cao lu\u00f4n \u0111\u00e1p \u1ee9ng \u0111\u01b0\u1ee3c nh\u1eefng y\u00eau c\u1ea7u kh\u1eaft khe v\u1ec1 m\u1eabu m\u00e3 c\u1ee7a Qu\u00fd kh\u00e1ch h\u00e0ng, lu\u00f4n cho ra c\u00e1c s\u1ea3n ph\u1ea9m r\u00e8m c\u1eeda \u0111\u1eb9p t\u1edbi ng\u01b0\u1eddi d\u00f9ng. Chuy\u00ean vi\u00ean t\u01b0 v\u1ea5n lu\u00f4n c\u00f3 tinh th\u1ea7n tr\u00e1ch nhi\u1ec7m cao t\u1ea1o cho qu\u00fd kh\u00e1ch s\u1ef1 h\u00e0i l\u00f2ng, y\u00ean t\u00e2m nh\u1ea5t \u0111\u1ec3 tr\u1edf th\u00e0nh ch\u1ee7 nh\u00e2n c\u1ee7a nh\u1eefng c\u0103n ph\u00f2ng l\u1ecbch s\u1ef1, sang tr\u1ecdng v\u00e0 \u1ea5m \u00e1p. Qu\u00fd kh\u00e1ch c\u00f3 th\u1ec3 ho\u00e0n to\u00e0n \u0111\u1eb7t ni\u1ec1m tin khi giao ph\u00f3 c\u00f4ng tr\u00ecnh hay ng\u00f4i nh\u00e0 y\u00eau d\u1ea5u c\u1ee7a m\u00ecnh cho R\u00e8m C\u1eeda Nh\u01b0 \u00dd \u0111\u1ea3m nhi\u1ec7m.<\/p>\r\n<h3 style=\"text-align: center;\">C\u00f4ng Vi\u1ec7c<\/h3>\r\n<p style=\"text-align: center;\">1\u00a0C\u1ea2I TI\u1ebeN C\u1eacP NH\u1eacP M\u1eaaU M\u00c3 \u0110\u1ec3 ph\u00f9 h\u1ee3p v\u1edbi xu h\u01b0\u1edbng \u0111\u1ed5i m\u1edbi t\u1eebng ng\u00e0y, ti\u00ean phong trong th\u1eddi \u0111\u1ea1i 4.0 hi\u1ec7n nay.<\/p>\r\n<p style=\"text-align: center;\">2\u00a0\u0110\u00c0O T\u1ea0O \u0110\u1ed8I NG\u0168 CHUY\u00caN NGHI\u1ec6P \u0110\u00e0o t\u1ea1o chuy\u00ean nghi\u1ec7p v\u1ec1 tay ngh\u1ec1 c\u0169ng nh\u01b0 t\u00e1c phong ph\u1ee5c v\u1ee5 kh\u00e1ch h\u00e0ng cho nh\u00e2n vi\u00ean.<\/p>\r\n<p style=\"text-align: center;\">3\u00a0CHAU CHU\u1ed0T T\u1eea \u0110\u01af\u1edcNG KIM M\u0168I CH\u1ec8 X\u00e1c \u0111\u1ecbnh ti\u00eau ch\u00ed ch\u1ea5t l\u01b0\u1ee3ng s\u1ea3n ph\u1ea9m l\u00e0 y\u1ebfu t\u1ed1 s\u1ed1ng c\u00f2n c\u1ee7a doanh nghi\u1ec7p.<\/p>\r\n<div class=\"text-center\"><div class=\"is-divider divider clearfix\" ><\/div><\/div> \t\t<\/div>\n\t\t\t\t\t<\/div>\n\n\t \n\t<div id=\"col-1681235951\" class=\"col medium-3 small-12 large-3\"  >\n\t\t\t\t<div class=\"col-inner\"  >\n\t\t\t\n\t\t\t     <div class=\"box has-hover has-hover box-text-bottom\" >\n\n                  <div class=\"box-image \" style=\"width:80%;\">\n           <div class=\"box-image-inner image-cover\" style=\"border-radius:100%;padding-top:100%;\">\n              <img loading=\"lazy\" decoding=\"async\" width=\"269\" height=\"269\" src=\"https:\/\/remcuanhuy.vn\/r\/wp-content\/uploads\/2014\/10\/nv-tu.png\" class=\"attachment- size-\" alt=\"\" srcset=\"https:\/\/remcuanhuy.vn\/r\/wp-content\/uploads\/2014\/10\/nv-tu.png 269w, https:\/\/remcuanhuy.vn\/r\/wp-content\/uploads\/2014\/10\/nv-tu-100x100.png 100w, https:\/\/remcuanhuy.vn\/r\/wp-content\/uploads\/2014\/10\/nv-tu-64x64.png 64w, https:\/\/remcuanhuy.vn\/r\/wp-content\/uploads\/2014\/10\/nv-tu-150x150.png 150w, https:\/\/remcuanhuy.vn\/r\/wp-content\/uploads\/2014\/10\/nv-tu-154x154.png 154w\" sizes=\"(max-width: 269px) 100vw, 269px\" \/>                         <\/div>\n          <\/div>\n         \n          <div class=\"box-text text-center\" >\n                <div class=\"box-text-inner\">\n                  <h4 class=\"uppercase\">\n                    <span class=\"person-name\">Ng\u00f4 V\u0103n T\u00fa<\/span><br\/>\n                    <span class=\"person-title is-small thin-font op-7\">\n                      CEO \/ Ng\u01b0\u1eddi S\u00e1ng L\u1eadp                    <\/span>\n                  <\/h4>\n                 <div class=\"social-icons follow-icons\" ><a href=\"https:\/\/www.facebook.com\/ngoanhtu.ngo.5\" target=\"_blank\" data-label=\"Facebook\" rel=\"noopener noreferrer nofollow\" class=\"icon button circle is-outline facebook tooltip\" title=\"Follow on Facebook\" aria-label=\"Follow on Facebook\"><i class=\"icon-facebook\" ><\/i><\/a><a href=\"#\" target=\"_blank\" rel=\"noopener noreferrer nofollow\" data-label=\"Instagram\" class=\"icon button circle is-outline  instagram tooltip\" title=\"Follow on Instagram\" aria-label=\"Follow on Instagram\"><i class=\"icon-instagram\" ><\/i><\/a><a href=\"#\" target=\"_blank\" data-label=\"Twitter\" rel=\"noopener noreferrer nofollow\" class=\"icon button circle is-outline  twitter tooltip\" title=\"Follow on Twitter\" aria-label=\"Follow on Twitter\"><i class=\"icon-twitter\" ><\/i><\/a><a href=\"mailto:ngoanhtu1087@gmail.com\" data-label=\"E-mail\" rel=\"nofollow\" class=\"icon button circle is-outline  email tooltip\" title=\"Send us an email\" aria-label=\"Send us an email\"><i class=\"icon-envelop\" ><\/i><\/a><a href=\"tel:0973619898\" target=\"_blank\" data-label=\"Phone\" rel=\"noopener noreferrer nofollow\" class=\"icon button circle is-outline  phone tooltip\" title=\"Call us\" aria-label=\"Call us\"><i class=\"icon-phone\" ><\/i><\/a><\/div>                 \r\n<p>Qu\u1ea3n l\u00fd \u0111i\u1ec1u h\u00e0nh m\u1ecdi ho\u1ea1t \u0111\u1ed9ng c\u1ee7a c\u00f4ng ty<\/p>\r\n                <\/div>\n          <\/div>\n    <\/div>\n\n    \n     \t\t<\/div>\n\t\t\t\t\t<\/div>\n\n\t \n\t<div id=\"col-842528041\" class=\"col medium-3 small-12 large-3\"  >\n\t\t\t\t<div class=\"col-inner\"  >\n\t\t\t\n\t\t\t     <div class=\"box has-hover has-hover box-text-bottom\" >\n\n                  <div class=\"box-image \" style=\"width:80%;\">\n           <div class=\"box-image-inner image-cover\" style=\"border-radius:100%;padding-top:100%;\">\n              <img loading=\"lazy\" decoding=\"async\" width=\"269\" height=\"269\" src=\"https:\/\/remcuanhuy.vn\/r\/wp-content\/uploads\/2014\/11\/nv-hung.png\" class=\"attachment- size-\" alt=\"\" srcset=\"https:\/\/remcuanhuy.vn\/r\/wp-content\/uploads\/2014\/11\/nv-hung.png 269w, https:\/\/remcuanhuy.vn\/r\/wp-content\/uploads\/2014\/11\/nv-hung-100x100.png 100w, https:\/\/remcuanhuy.vn\/r\/wp-content\/uploads\/2014\/11\/nv-hung-64x64.png 64w, https:\/\/remcuanhuy.vn\/r\/wp-content\/uploads\/2014\/11\/nv-hung-150x150.png 150w, https:\/\/remcuanhuy.vn\/r\/wp-content\/uploads\/2014\/11\/nv-hung-154x154.png 154w\" sizes=\"(max-width: 269px) 100vw, 269px\" \/>                         <\/div>\n          <\/div>\n         \n          <div class=\"box-text text-center\" >\n                <div class=\"box-text-inner\">\n                  <h4 class=\"uppercase\">\n                    <span class=\"person-name\">Tr\u1ea7n \u0110\u00ecnh H\u01b0ng<\/span><br\/>\n                    <span class=\"person-title is-small thin-font op-7\">\n                      Public Relations                    <\/span>\n                  <\/h4>\n                 <div class=\"social-icons follow-icons\" ><a href=\"https:\/\/www.facebook.com\/profile.php?id=100037293912936\" target=\"_blank\" data-label=\"Facebook\" rel=\"noopener noreferrer nofollow\" class=\"icon button circle is-outline facebook tooltip\" title=\"Follow on Facebook\" aria-label=\"Follow on Facebook\"><i class=\"icon-facebook\" ><\/i><\/a><a href=\"#\" target=\"_blank\" data-label=\"Twitter\" rel=\"noopener noreferrer nofollow\" class=\"icon button circle is-outline  twitter tooltip\" title=\"Follow on Twitter\" aria-label=\"Follow on Twitter\"><i class=\"icon-twitter\" ><\/i><\/a><a href=\"mailto:#\" data-label=\"E-mail\" rel=\"nofollow\" class=\"icon button circle is-outline  email tooltip\" title=\"Send us an email\" aria-label=\"Send us an email\"><i class=\"icon-envelop\" ><\/i><\/a><a href=\"#\" target=\"_blank\" rel=\"noopener noreferrer nofollow\"  data-label=\"Pinterest\"  class=\"icon button circle is-outline  pinterest tooltip\" title=\"Follow on Pinterest\" aria-label=\"Follow on Pinterest\"><i class=\"icon-pinterest\" ><\/i><\/a><a href=\"#\" target=\"_blank\" rel=\"noopener noreferrer nofollow\" data-label=\"LinkedIn\" class=\"icon button circle is-outline  linkedin tooltip\" title=\"Follow on LinkedIn\" aria-label=\"Follow on LinkedIn\"><i class=\"icon-linkedin\" ><\/i><\/a><\/div>                 \r\n<p>Quan h\u1ec7 c\u00f4ng ch\u00fang<\/p>\r\n                <\/div>\n          <\/div>\n    <\/div>\n\n    \n     \t\t<\/div>\n\t\t\t\t\t<\/div>\n\n\t \n\t<div id=\"col-811677454\" class=\"col medium-3 small-12 large-3\"  >\n\t\t\t\t<div class=\"col-inner\"  >\n\t\t\t\n\t\t\t     <div class=\"box has-hover has-hover box-text-bottom\" >\n\n                  <div class=\"box-image \" style=\"width:80%;\">\n           <div class=\"box-image-inner image-cover\" style=\"border-radius:100%;padding-top:100%;\">\n              <img loading=\"lazy\" decoding=\"async\" width=\"269\" height=\"269\" src=\"https:\/\/remcuanhuy.vn\/r\/wp-content\/uploads\/2014\/11\/nv-trinh.png\" class=\"attachment- size-\" alt=\"\" srcset=\"https:\/\/remcuanhuy.vn\/r\/wp-content\/uploads\/2014\/11\/nv-trinh.png 269w, https:\/\/remcuanhuy.vn\/r\/wp-content\/uploads\/2014\/11\/nv-trinh-100x100.png 100w, https:\/\/remcuanhuy.vn\/r\/wp-content\/uploads\/2014\/11\/nv-trinh-64x64.png 64w, https:\/\/remcuanhuy.vn\/r\/wp-content\/uploads\/2014\/11\/nv-trinh-150x150.png 150w, https:\/\/remcuanhuy.vn\/r\/wp-content\/uploads\/2014\/11\/nv-trinh-154x154.png 154w\" sizes=\"(max-width: 269px) 100vw, 269px\" \/>                         <\/div>\n          <\/div>\n         \n          <div class=\"box-text text-center\" >\n                <div class=\"box-text-inner\">\n                  <h4 class=\"uppercase\">\n                    <span class=\"person-name\">Ngu\u1ec5n \u0110\u1ee9c Tr\u1ecbnh<\/span><br\/>\n                    <span class=\"person-title is-small thin-font op-7\">\n                      Marketing Director                    <\/span>\n                  <\/h4>\n                 <div class=\"social-icons follow-icons\" ><a href=\"#\" target=\"_blank\" data-label=\"Facebook\" rel=\"noopener noreferrer nofollow\" class=\"icon button circle is-outline facebook tooltip\" title=\"Follow on Facebook\" aria-label=\"Follow on Facebook\"><i class=\"icon-facebook\" ><\/i><\/a><a href=\"#\" target=\"_blank\" data-label=\"Twitter\" rel=\"noopener noreferrer nofollow\" class=\"icon button circle is-outline  twitter tooltip\" title=\"Follow on Twitter\" aria-label=\"Follow on Twitter\"><i class=\"icon-twitter\" ><\/i><\/a><a href=\"mailto:#\" data-label=\"E-mail\" rel=\"nofollow\" class=\"icon button circle is-outline  email tooltip\" title=\"Send us an email\" aria-label=\"Send us an email\"><i class=\"icon-envelop\" ><\/i><\/a><a href=\"#\" target=\"_blank\" rel=\"noopener noreferrer nofollow\"  data-label=\"Pinterest\"  class=\"icon button circle is-outline  pinterest tooltip\" title=\"Follow on Pinterest\" aria-label=\"Follow on Pinterest\"><i class=\"icon-pinterest\" ><\/i><\/a><a href=\"#\" target=\"_blank\" rel=\"noopener noreferrer nofollow\" data-label=\"LinkedIn\" class=\"icon button circle is-outline  linkedin tooltip\" title=\"Follow on LinkedIn\" aria-label=\"Follow on LinkedIn\"><i class=\"icon-linkedin\" ><\/i><\/a><\/div>                 \r\n<p>Chuy\u00ean vi\u00ean t\u01b0 v\u1ea5n, ch\u0103m s\u00f3c kh\u00e1ch h\u00e0ng<\/p>\r\n                <\/div>\n          <\/div>\n    <\/div>\n\n    \n     \t\t<\/div>\n\t\t\t\t\t<\/div>\n\n\t \n\t<div id=\"col-237838553\" class=\"col medium-3 small-12 large-3\"  >\n\t\t\t\t<div class=\"col-inner\"  >\n\t\t\t\n\t\t\t     <div class=\"box has-hover has-hover box-text-bottom\" >\n\n                  <div class=\"box-image \" style=\"width:80%;\">\n           <div class=\"box-image-inner image-cover\" style=\"border-radius:100%;padding-top:100%;\">\n              <img loading=\"lazy\" decoding=\"async\" width=\"269\" height=\"269\" src=\"https:\/\/remcuanhuy.vn\/r\/wp-content\/uploads\/2014\/11\/nv-tuyen.png\" class=\"attachment- size-\" alt=\"\" srcset=\"https:\/\/remcuanhuy.vn\/r\/wp-content\/uploads\/2014\/11\/nv-tuyen.png 269w, https:\/\/remcuanhuy.vn\/r\/wp-content\/uploads\/2014\/11\/nv-tuyen-100x100.png 100w, https:\/\/remcuanhuy.vn\/r\/wp-content\/uploads\/2014\/11\/nv-tuyen-64x64.png 64w, https:\/\/remcuanhuy.vn\/r\/wp-content\/uploads\/2014\/11\/nv-tuyen-150x150.png 150w, https:\/\/remcuanhuy.vn\/r\/wp-content\/uploads\/2014\/11\/nv-tuyen-154x154.png 154w\" sizes=\"(max-width: 269px) 100vw, 269px\" \/>                         <\/div>\n          <\/div>\n         \n          <div class=\"box-text text-center\" >\n                <div class=\"box-text-inner\">\n                  <h4 class=\"uppercase\">\n                    <span class=\"person-name\">Nguy\u1ec5n V\u0103n Tuy\u1ec1n<\/span><br\/>\n                    <span class=\"person-title is-small thin-font op-7\">\n                      Chuy\u00ean vi\u00ean k\u1ef9 thu\u1eadt                    <\/span>\n                  <\/h4>\n                 <div class=\"social-icons follow-icons\" ><a href=\"https:\/\/www.facebook.com\/profile.php?id=100009457810348\" target=\"_blank\" data-label=\"Facebook\" rel=\"noopener noreferrer nofollow\" class=\"icon button circle is-outline facebook tooltip\" title=\"Follow on Facebook\" aria-label=\"Follow on Facebook\"><i class=\"icon-facebook\" ><\/i><\/a><a href=\"#\" target=\"_blank\" data-label=\"Twitter\" rel=\"noopener noreferrer nofollow\" class=\"icon button circle is-outline  twitter tooltip\" title=\"Follow on Twitter\" aria-label=\"Follow on Twitter\"><i class=\"icon-twitter\" ><\/i><\/a><a href=\"mailto:#\" data-label=\"E-mail\" rel=\"nofollow\" class=\"icon button circle is-outline  email tooltip\" title=\"Send us an email\" aria-label=\"Send us an email\"><i class=\"icon-envelop\" ><\/i><\/a><a href=\"#\" target=\"_blank\" rel=\"noopener noreferrer nofollow\"  data-label=\"Pinterest\"  class=\"icon button circle is-outline  pinterest tooltip\" title=\"Follow on Pinterest\" aria-label=\"Follow on Pinterest\"><i class=\"icon-pinterest\" ><\/i><\/a><a href=\"#\" target=\"_blank\" rel=\"noopener noreferrer nofollow\" data-label=\"LinkedIn\" class=\"icon button circle is-outline  linkedin tooltip\" title=\"Follow on LinkedIn\" aria-label=\"Follow on LinkedIn\"><i class=\"icon-linkedin\" ><\/i><\/a><\/div>                 \r\n<p>K\u1ef9 s\u01b0 may, thi\u1ebft k\u1ebf k\u1ef9 thu\u1eadt, l\u1eafp \u0111\u1eb7t&#8230;<\/p>\r\n                <\/div>\n          <\/div>\n    <\/div>\n\n    \n     \t\t<\/div>\n\t\t\t\t\t<\/div>\n\n\t <\/div>\r\n","protected":false},"excerpt":{"rendered":"V\u1ec1 Ch\u00fang T\u00f4i Sau 11 n\u0103m tr\u01b0\u1edfng th\u00e0nh v\u00e0 ph\u00e1t tri\u1ec3n, R\u00c8M C\u1eecA NH\u01af \u00dd l\u00e0 m\u1ed9t trong nh\u1eefng \u0111\u01a1n v\u1ecb T\u01b0 v\u1ea5n - Thi\u1ebft k\u1ebf - Ho\u00e0n thi\u1ec7n r\u00e8m c\u1eeda \u0111\u1ee9ng \u0111\u1ea7u tr\u00ean th\u1ecb tr\u01b0\u1eddng. Trong qu\u00e1 tr\u00ecnh ph\u00e1t tri\u1ec3n th\u01b0\u01a1ng hi\u1ec7u R\u00e8m C\u1eeda Nh\u01b0 \u00dd \u0111\u00e3 kh\u00f4ng ng\u1eebng v\u01b0\u01a1n l\u00ean v\u00e0 ng\u00e0y c\u00e0ng [...]","protected":false},"author":1,"featured_media":0,"parent":0,"menu_order":0,"comment_status":"closed","ping_status":"closed","template":"page-transparent-header-light.php","meta":{"footnotes":""},"_links":{"self":[{"href":"https:\/\/remcuanhuy.vn\/r\/wp-json\/wp\/v2\/pages\/3107"}],"collection":[{"href":"https:\/\/remcuanhuy.vn\/r\/wp-json\/wp\/v2\/pages"}],"about":[{"href":"https:\/\/remcuanhuy.vn\/r\/wp-json\/wp\/v2\/types\/page"}],"author":[{"embeddable":true,"href":"https:\/\/remcuanhuy.vn\/r\/wp-json\/wp\/v2\/users\/1"}],"replies":[{"embeddable":true,"href":"https:\/\/remcuanhuy.vn\/r\/wp-json\/wp\/v2\/comments?post=3107"}],"version-history":[{"count":15,"href":"https:\/\/remcuanhuy.vn\/r\/wp-json\/wp\/v2\/pages\/3107\/revisions"}],"predecessor-version":[{"id":3512,"href":"https:\/\/remcuanhuy.vn\/r\/wp-json\/wp\/v2\/pages\/3107\/revisions\/3512"}],"wp:attachment":[{"href":"https:\/\/remcuanhuy.vn\/r\/wp-json\/wp\/v2\/media?parent=3107"}],"curies":[{"name":"wp","href":"https:\/\/api.w.org\/{rel}","templated":true}]}}