{"id":2273,"date":"2019-04-29T19:56:53","date_gmt":"2019-04-29T12:56:53","guid":{"rendered":"http:\/\/remcuanhuy.vn\/r\/?post_type=product&#038;p=2273"},"modified":"2025-12-19T04:30:49","modified_gmt":"2025-12-18T21:30:49","slug":"rem-vai-hoa-tiet-2-lop-can-nang-rvht05","status":"publish","type":"product","link":"https:\/\/remcuanhuy.vn\/r\/mua\/rem-vai-hoa-tiet\/rem-vai-hoa-tiet-2-lop-can-nang-rvht05\/","title":{"rendered":"R\u00e8m V\u1ea3i H\u1ecda Ti\u1ebft 2 L\u1edbp C\u1ea3n N\u1eafng RVHT05"},"content":{"rendered":"<p><a href=\"https:\/\/remcuanhuy.vn\/r\/wp-content\/uploads\/2019\/04\/rem-vai-hoa-tiet_dep-5.jpg\"><img loading=\"lazy\" decoding=\"async\" class=\"aligncenter wp-image-2274\" src=\"https:\/\/remcuanhuy.vn\/r\/wp-content\/uploads\/2019\/04\/rem-vai-hoa-tiet_dep-5.jpg\" alt=\"\" width=\"672\" height=\"896\" srcset=\"https:\/\/remcuanhuy.vn\/r\/wp-content\/uploads\/2019\/04\/rem-vai-hoa-tiet_dep-5.jpg 960w, https:\/\/remcuanhuy.vn\/r\/wp-content\/uploads\/2019\/04\/rem-vai-hoa-tiet_dep-5-262x349.jpg 262w, https:\/\/remcuanhuy.vn\/r\/wp-content\/uploads\/2019\/04\/rem-vai-hoa-tiet_dep-5-600x800.jpg 600w, https:\/\/remcuanhuy.vn\/r\/wp-content\/uploads\/2019\/04\/rem-vai-hoa-tiet_dep-5-64x85.jpg 64w, https:\/\/remcuanhuy.vn\/r\/wp-content\/uploads\/2019\/04\/rem-vai-hoa-tiet_dep-5-225x300.jpg 225w, https:\/\/remcuanhuy.vn\/r\/wp-content\/uploads\/2019\/04\/rem-vai-hoa-tiet_dep-5-768x1024.jpg 768w, https:\/\/remcuanhuy.vn\/r\/wp-content\/uploads\/2019\/04\/rem-vai-hoa-tiet_dep-5-116x154.jpg 116w\" sizes=\"(max-width: 672px) 100vw, 672px\" \/><\/a><\/p>\n","protected":false},"excerpt":{"rendered":"<p>R\u00e8m v\u1ea3i h\u1ecda ti\u1ebft hai l\u1edbp c\u00f3 th\u00eau h\u00ecnh c\u00e2y l\u00e1 m\u00f9a thu, \u00dd t\u01b0\u1edfng l\u00e0m g\u1ee3i l\u00ean c\u1ea3m gi\u00e1c b\u00ecnh y\u00ean sau nh\u1eefng gi\u1edd l\u00e0m vi\u1ec7c c\u0103ng th\u1eb3ng. D\u1ea5u hi\u1ec7u, b\u00e1o hi\u1ec7u m\u1ed9t ng\u00e0y mai tinh th\u1ea7n s\u1ea3ng kho\u00e1i!<\/p>\n<ul>\n<li>Ch\u1ee9c n\u0103ng: C\u1ea3n s\u00e1ng, c\u1ea3n n\u1eafng 80%<\/li>\n<li>T\u00e1c d\u1ee5ng: L\u00e0m \u0111\u1eb9p \u0111i\u1ec1u ti\u1ebft c\u1ea3m x\u00fac<\/li>\n<li>Ch\u1ea5t li\u1ec7u: V\u1ea3i th\u00f4, Voan<\/li>\n<li>Gi\u00e1 th\u1ecb tr\u01b0\u1eddng: C\u1ea1nh tranh nh\u1ea5t<\/li>\n<li>B\u1ea3o h\u00e0nh 24 th\u00e1ng, b\u1ea3o tr\u00ecnh v\u0129nh vi\u1ec5n<\/li>\n<li>L\u1eafp \u0111\u1eb7t nhanh trong v\u00f2ng 24h<\/li>\n<\/ul>\n","protected":false},"featured_media":2274,"comment_status":"open","ping_status":"closed","template":"","meta":[],"product_cat":[79],"product_tag":[359,133,330,253],"_links":{"self":[{"href":"https:\/\/remcuanhuy.vn\/r\/wp-json\/wp\/v2\/product\/2273"}],"collection":[{"href":"https:\/\/remcuanhuy.vn\/r\/wp-json\/wp\/v2\/product"}],"about":[{"href":"https:\/\/remcuanhuy.vn\/r\/wp-json\/wp\/v2\/types\/product"}],"replies":[{"embeddable":true,"href":"https:\/\/remcuanhuy.vn\/r\/wp-json\/wp\/v2\/comments?post=2273"}],"wp:featuredmedia":[{"embeddable":true,"href":"https:\/\/remcuanhuy.vn\/r\/wp-json\/wp\/v2\/media\/2274"}],"wp:attachment":[{"href":"https:\/\/remcuanhuy.vn\/r\/wp-json\/wp\/v2\/media?parent=2273"}],"wp:term":[{"taxonomy":"product_cat","embeddable":true,"href":"https:\/\/remcuanhuy.vn\/r\/wp-json\/wp\/v2\/product_cat?post=2273"},{"taxonomy":"product_tag","embeddable":true,"href":"https:\/\/remcuanhuy.vn\/r\/wp-json\/wp\/v2\/product_tag?post=2273"}],"curies":[{"name":"wp","href":"https:\/\/api.w.org\/{rel}","templated":true}]}}