{"id":2320,"date":"2019-05-16T14:27:26","date_gmt":"2019-05-16T07:27:26","guid":{"rendered":"http:\/\/remcuanhuy.vn\/r\/?post_type=product&#038;p=2320"},"modified":"2024-03-14T06:30:08","modified_gmt":"2024-03-13T23:30:08","slug":"rem-nu-hoang-2-lop-mau-vang-kem-can-nang-rnh003","status":"publish","type":"product","link":"https:\/\/remcuanhuy.vn\/r\/mua\/rem-vai-hoa-tiet\/rem-nu-hoang\/rem-nu-hoang-2-lop-mau-vang-kem-can-nang-rnh003\/","title":{"rendered":"R\u00e8m N\u1eef Ho\u00e0ng 2 L\u1edbp M\u00e0u V\u00e0ng Kem C\u1ea3n N\u1eafng RNH003"},"content":{"rendered":"<p><a href=\"https:\/\/remcuanhuy.vn\/r\/wp-content\/uploads\/2019\/05\/rem-vai-hoa-tiet_dep-17.jpg\"><img loading=\"lazy\" decoding=\"async\" class=\"aligncenter size-full wp-image-2321\" src=\"https:\/\/remcuanhuy.vn\/r\/wp-content\/uploads\/2019\/05\/rem-vai-hoa-tiet_dep-17.jpg\" alt=\"\" width=\"960\" height=\"1280\" srcset=\"https:\/\/remcuanhuy.vn\/r\/wp-content\/uploads\/2019\/05\/rem-vai-hoa-tiet_dep-17.jpg 960w, https:\/\/remcuanhuy.vn\/r\/wp-content\/uploads\/2019\/05\/rem-vai-hoa-tiet_dep-17-262x349.jpg 262w, https:\/\/remcuanhuy.vn\/r\/wp-content\/uploads\/2019\/05\/rem-vai-hoa-tiet_dep-17-600x800.jpg 600w, https:\/\/remcuanhuy.vn\/r\/wp-content\/uploads\/2019\/05\/rem-vai-hoa-tiet_dep-17-64x85.jpg 64w, https:\/\/remcuanhuy.vn\/r\/wp-content\/uploads\/2019\/05\/rem-vai-hoa-tiet_dep-17-225x300.jpg 225w, https:\/\/remcuanhuy.vn\/r\/wp-content\/uploads\/2019\/05\/rem-vai-hoa-tiet_dep-17-768x1024.jpg 768w, https:\/\/remcuanhuy.vn\/r\/wp-content\/uploads\/2019\/05\/rem-vai-hoa-tiet_dep-17-116x154.jpg 116w\" sizes=\"(max-width: 960px) 100vw, 960px\" \/><\/a><\/p>\n","protected":false},"excerpt":{"rendered":"<p><strong>R\u00e8m n\u1eef ho\u00e0ng<\/strong> hay c\u00f2n g\u1ecdi l\u00e0 <strong>b\u00e8o con s\u00f2<\/strong> r\u1ea5t th\u00edch h\u1ee3p cho c\u00e1c c\u0103n h\u1ed9 c\u00f3 n\u1ed9i th\u1ea5t t\u00e2n c\u1ed5 \u0111i\u1ec3n. V\u1edbi v\u1ebb \u0111\u1eb9p d\u1ecbu d\u00e0ng \u0111\u1ea7y ch\u1ea5t l\u00e3ng m\u1ea1ng \u00e1 \u0111\u00f4ng l\u1ea1i pha ch\u00fat hi\u1ec7n \u0111\u1ea1i c\u1ee7a n\u1ed9i th\u1ea5t ph\u01b0\u01a1ng t\u00e2y. \u0110\u00e2y qu\u1ea3 th\u1ef1c l\u00e0 lo\u1ea1i r\u00e8m ph\u00f9 h\u1ee3p cho c\u00e1c gia ch\u1ee7 y\u00eau th\u00edch s\u1ef1 sang tr\u1ecdng, tinh t\u1ebf.<\/p>\n<ul>\n<li>M\u1eabu thi\u1ebft k\u1ebf: \u0111a d\u1ea1ng<\/li>\n<li>M\u00e0u s\u1eafc: \u0111a d\u1ea1ng<\/li>\n<li>H\u1ecda ti\u1ebft: \u0111a d\u1ea1ng<\/li>\n<li>Gi\u00e1 th\u00e0nh: c\u1ea1nh tranh nh\u1ea5t<\/li>\n<\/ul>\n","protected":false},"featured_media":2321,"comment_status":"open","ping_status":"closed","template":"","meta":[],"product_cat":[196,79],"product_tag":[386,361,355,100,253],"_links":{"self":[{"href":"https:\/\/remcuanhuy.vn\/r\/wp-json\/wp\/v2\/product\/2320"}],"collection":[{"href":"https:\/\/remcuanhuy.vn\/r\/wp-json\/wp\/v2\/product"}],"about":[{"href":"https:\/\/remcuanhuy.vn\/r\/wp-json\/wp\/v2\/types\/product"}],"replies":[{"embeddable":true,"href":"https:\/\/remcuanhuy.vn\/r\/wp-json\/wp\/v2\/comments?post=2320"}],"wp:featuredmedia":[{"embeddable":true,"href":"https:\/\/remcuanhuy.vn\/r\/wp-json\/wp\/v2\/media\/2321"}],"wp:attachment":[{"href":"https:\/\/remcuanhuy.vn\/r\/wp-json\/wp\/v2\/media?parent=2320"}],"wp:term":[{"taxonomy":"product_cat","embeddable":true,"href":"https:\/\/remcuanhuy.vn\/r\/wp-json\/wp\/v2\/product_cat?post=2320"},{"taxonomy":"product_tag","embeddable":true,"href":"https:\/\/remcuanhuy.vn\/r\/wp-json\/wp\/v2\/product_tag?post=2320"}],"curies":[{"name":"wp","href":"https:\/\/api.w.org\/{rel}","templated":true}]}}