{"id":2468,"date":"2019-05-17T18:19:20","date_gmt":"2019-05-17T11:19:20","guid":{"rendered":"http:\/\/remcuanhuy.vn\/r\/?post_type=product&#038;p=2468"},"modified":"2020-12-27T12:17:58","modified_gmt":"2020-12-27T05:17:58","slug":"rem-vai-mot-mau-can-nang-mau-xanh-hoang-hon-rvmm46","status":"publish","type":"product","link":"https:\/\/remcuanhuy.vn\/r\/mua\/rem-vai-mot-mau\/rem-vai-mot-mau-can-nang-mau-xanh-hoang-hon-rvmm46\/","title":{"rendered":"R\u00e8m V\u1ea3i M\u1ed9t M\u00e0u C\u1ea3n N\u1eafng &#8211; M\u00e0u Xanh Ho\u00e0ng H\u00f4n RVMM46"},"content":{"rendered":"<p><a href=\"https:\/\/remcuanhuy.vn\/r\/wp-content\/uploads\/2019\/05\/rem-vai-mot-mau_dep-46.jpg\"><img loading=\"lazy\" decoding=\"async\" class=\"aligncenter size-full wp-image-2469\" src=\"https:\/\/remcuanhuy.vn\/r\/wp-content\/uploads\/2019\/05\/rem-vai-mot-mau_dep-46.jpg\" alt=\"\" width=\"960\" height=\"1280\" srcset=\"https:\/\/remcuanhuy.vn\/r\/wp-content\/uploads\/2019\/05\/rem-vai-mot-mau_dep-46.jpg 960w, https:\/\/remcuanhuy.vn\/r\/wp-content\/uploads\/2019\/05\/rem-vai-mot-mau_dep-46-262x349.jpg 262w, https:\/\/remcuanhuy.vn\/r\/wp-content\/uploads\/2019\/05\/rem-vai-mot-mau_dep-46-600x800.jpg 600w, https:\/\/remcuanhuy.vn\/r\/wp-content\/uploads\/2019\/05\/rem-vai-mot-mau_dep-46-64x85.jpg 64w, https:\/\/remcuanhuy.vn\/r\/wp-content\/uploads\/2019\/05\/rem-vai-mot-mau_dep-46-225x300.jpg 225w, https:\/\/remcuanhuy.vn\/r\/wp-content\/uploads\/2019\/05\/rem-vai-mot-mau_dep-46-768x1024.jpg 768w, https:\/\/remcuanhuy.vn\/r\/wp-content\/uploads\/2019\/05\/rem-vai-mot-mau_dep-46-116x154.jpg 116w\" sizes=\"(max-width: 960px) 100vw, 960px\" \/><\/a><\/p>\n","protected":false},"excerpt":{"rendered":"<p>R\u00e8m v\u1ea3i m\u1ed9t m\u00e0u c\u1ea3n n\u1eafng, r\u00e8m ch\u1eafn s\u00e1ng RVMM46 mang t\u00f4ng m\u00e0u xanh ho\u00e0n h\u00f4n l\u00e0 s\u1ef1 l\u1ef1a ch\u1ecdn t\u1ed1i \u01b0u cho c\u00e1c \u00f4 c\u1eeda s\u1ed5 chung c\u01b0, \u0111\u01b0\u1ee3c thi\u1ebft ph\u00f9 h\u1ee3p cho kh\u00f4ng gian ph\u00f2ng kh\u00e1ch, ph\u00f2ng \u0103n, ph\u00f2ng ng\u1ee7 t\u1ea1i gia \u0111\u00ecnh. T\u1ea1o cho c\u0103n ph\u00f2ng tr\u1edf l\u00ean l\u1ecbch thi\u1ec7p h\u01a1n, m\u1eabu r\u00e8m n\u00e0y th\u01b0\u1eddng \u0111\u01b0\u1ee3c d\u00e0nh cho nh\u1eefng kh\u00f4ng gian trang nh\u00e3, c\u1ea7n s\u1ef1 thanh t\u1ecbnh ho\u1eb7c y\u00ean t\u0129nh.<\/p>\n<ul>\n<li>Ch\u1ea5t li\u1ec7u: v\u1ea3i th\u00f4 c\u1ea3n n\u1eafng 100%<\/li>\n<li>Gi\u00e1 th\u00e0nh: t\u1ea7m trung<\/li>\n<li>Ho\u00e0n thi\u1ec7n l\u1eafp \u0111\u1eb7t trong v\u00f2ng 24h<\/li>\n<li>Ch\u1ebf \u0111\u1ed9 b\u1ea3o h\u00e0nh 24 th\u00e1ng, b\u1ea3o tr\u00ec tr\u1ecdn \u0111\u1eddi s\u1ea3n ph\u1ea9m<\/li>\n<\/ul>\n<p>&nbsp;<\/p>\n","protected":false},"featured_media":2469,"comment_status":"open","ping_status":"closed","template":"","meta":[],"product_cat":[86],"product_tag":[387,134,355,100,369],"_links":{"self":[{"href":"https:\/\/remcuanhuy.vn\/r\/wp-json\/wp\/v2\/product\/2468"}],"collection":[{"href":"https:\/\/remcuanhuy.vn\/r\/wp-json\/wp\/v2\/product"}],"about":[{"href":"https:\/\/remcuanhuy.vn\/r\/wp-json\/wp\/v2\/types\/product"}],"replies":[{"embeddable":true,"href":"https:\/\/remcuanhuy.vn\/r\/wp-json\/wp\/v2\/comments?post=2468"}],"wp:featuredmedia":[{"embeddable":true,"href":"https:\/\/remcuanhuy.vn\/r\/wp-json\/wp\/v2\/media\/2469"}],"wp:attachment":[{"href":"https:\/\/remcuanhuy.vn\/r\/wp-json\/wp\/v2\/media?parent=2468"}],"wp:term":[{"taxonomy":"product_cat","embeddable":true,"href":"https:\/\/remcuanhuy.vn\/r\/wp-json\/wp\/v2\/product_cat?post=2468"},{"taxonomy":"product_tag","embeddable":true,"href":"https:\/\/remcuanhuy.vn\/r\/wp-json\/wp\/v2\/product_tag?post=2468"}],"curies":[{"name":"wp","href":"https:\/\/api.w.org\/{rel}","templated":true}]}}