{"id":2610,"date":"2019-05-18T12:55:23","date_gmt":"2019-05-18T05:55:23","guid":{"rendered":"http:\/\/remcuanhuy.vn\/r\/?post_type=product&#038;p=2610"},"modified":"2021-01-26T03:58:38","modified_gmt":"2021-01-25T20:58:38","slug":"rem-roman-xep-lop-mau-dong-1-lop-can-nang-rxl04","status":"publish","type":"product","link":"https:\/\/remcuanhuy.vn\/r\/mua\/rem-xep-lop-roman-blind\/rem-roman-xep-lop-mau-dong-1-lop-can-nang-rxl04\/","title":{"rendered":"R\u00e8m Roman (X\u1ebfp L\u1edbp) M\u00e0u \u0110\u1ed3ng 1 L\u1edbp C\u1ea3n N\u1eafng RXL04"},"content":{"rendered":"<p><a href=\"https:\/\/remcuanhuy.vn\/r\/wp-content\/uploads\/2019\/05\/rem-roman_rem-xep-lop_dep-4.jpg\"><img loading=\"lazy\" decoding=\"async\" class=\"aligncenter size-full wp-image-2611\" src=\"https:\/\/remcuanhuy.vn\/r\/wp-content\/uploads\/2019\/05\/rem-roman_rem-xep-lop_dep-4.jpg\" alt=\"\" width=\"720\" height=\"960\" srcset=\"https:\/\/remcuanhuy.vn\/r\/wp-content\/uploads\/2019\/05\/rem-roman_rem-xep-lop_dep-4.jpg 720w, https:\/\/remcuanhuy.vn\/r\/wp-content\/uploads\/2019\/05\/rem-roman_rem-xep-lop_dep-4-262x349.jpg 262w, https:\/\/remcuanhuy.vn\/r\/wp-content\/uploads\/2019\/05\/rem-roman_rem-xep-lop_dep-4-600x800.jpg 600w, https:\/\/remcuanhuy.vn\/r\/wp-content\/uploads\/2019\/05\/rem-roman_rem-xep-lop_dep-4-64x85.jpg 64w, https:\/\/remcuanhuy.vn\/r\/wp-content\/uploads\/2019\/05\/rem-roman_rem-xep-lop_dep-4-225x300.jpg 225w, https:\/\/remcuanhuy.vn\/r\/wp-content\/uploads\/2019\/05\/rem-roman_rem-xep-lop_dep-4-116x154.jpg 116w\" sizes=\"(max-width: 720px) 100vw, 720px\" \/><\/a><\/p>\n","protected":false},"excerpt":{"rendered":"<p>R\u00e8m roman RXL04 hay c\u00f2n g\u1ecdi l\u00e0 r\u00e8m x\u1ebfp l\u1edbp, 1 l\u1edbp v\u1ea3i c\u1ea3n n\u1eafng. Ki\u1ec3u d\u00e1ng thi\u1ebft k\u1ebf theo phong c\u00e1ch Nh\u1eadt B\u1ea3n. \u0110\u01b0\u1ee3c s\u1eed d\u1ee5ng r\u1ed9ng r\u00e3i \u1edf c\u00e1c gia \u0111\u00ecnh v\u00e0 c\u00e1c chung c\u01b0 t\u1ea1i Vi\u1ec7t Nam hi\u1ec7n nay, b\u1edfi t\u00ednh \u0111\u01a1n gi\u1ea3n v\u00e0 l\u1ecbch s\u1ef1 c\u1ee7a n\u00f3. \u01afu \u0111i\u1ec3m \u0111i\u1ec1u ti\u1ebft \u00e1nh s\u00e1ng v\u01b0\u1ee3t tr\u1ed9i so v\u1edbi c\u00e1c lo\u1ea1i r\u00e8m kh\u00e1c.<\/p>\n<ul>\n<li>Gi\u00e1 th\u00e0nh: t\u00ednh theo m\u00e9t vu\u00f4ng c\u1eeda \u0111\u00e3 bao g\u1ed3m c\u00f4ng l\u1eafp \u0111\u1eb7t ho\u00e0n thi\u1ec7n.<\/li>\n<li>B\u1ea3o h\u00e0nh: 24 th\u00e1ng, b\u1ea3o tr\u00ec v\u0129nh vi\u1ec5n<\/li>\n<li>T\u00e1c d\u1ee5ng: c\u1ea3n n\u1eafng, ch\u1eafn s\u00e1ng, ch\u1ed1ng \u1ed3n, l\u00e0m \u0111\u1eb9p, kh\u00f4ng gian ri\u00eang t\u01b0.<\/li>\n<li>\u01afu \u0111i\u1ec3m: \u0111i\u1ec1u ti\u1ebft \u00e1nh s\u00e1ng t\u1ef1 nhi\u00ean cho c\u0103n ph\u00f2ng theo \u00fd mu\u1ed1n. khi c\u1ea7n k\u00e9o r\u00e8m l\u00ean b\u1eb1ng h\u1ec7 th\u1ed1ng d\u00e2y r\u1ea5t ti\u1ec7n l\u1ee3i v\u00e0 g\u1ecdn g\u00e0ng.<\/li>\n<\/ul>\n","protected":false},"featured_media":2611,"comment_status":"open","ping_status":"closed","template":"","meta":[],"product_cat":[77],"product_tag":[394,361,355,393,392,354],"_links":{"self":[{"href":"https:\/\/remcuanhuy.vn\/r\/wp-json\/wp\/v2\/product\/2610"}],"collection":[{"href":"https:\/\/remcuanhuy.vn\/r\/wp-json\/wp\/v2\/product"}],"about":[{"href":"https:\/\/remcuanhuy.vn\/r\/wp-json\/wp\/v2\/types\/product"}],"replies":[{"embeddable":true,"href":"https:\/\/remcuanhuy.vn\/r\/wp-json\/wp\/v2\/comments?post=2610"}],"wp:featuredmedia":[{"embeddable":true,"href":"https:\/\/remcuanhuy.vn\/r\/wp-json\/wp\/v2\/media\/2611"}],"wp:attachment":[{"href":"https:\/\/remcuanhuy.vn\/r\/wp-json\/wp\/v2\/media?parent=2610"}],"wp:term":[{"taxonomy":"product_cat","embeddable":true,"href":"https:\/\/remcuanhuy.vn\/r\/wp-json\/wp\/v2\/product_cat?post=2610"},{"taxonomy":"product_tag","embeddable":true,"href":"https:\/\/remcuanhuy.vn\/r\/wp-json\/wp\/v2\/product_tag?post=2610"}],"curies":[{"name":"wp","href":"https:\/\/api.w.org\/{rel}","templated":true}]}}