{"id":2692,"date":"2019-05-18T17:23:26","date_gmt":"2019-05-18T10:23:26","guid":{"rendered":"http:\/\/remcuanhuy.vn\/r\/?post_type=product&#038;p=2692"},"modified":"2021-04-01T00:05:15","modified_gmt":"2021-03-31T17:05:15","slug":"rem-day-rem-soi-rd10-mau-nau-dep","status":"publish","type":"product","link":"https:\/\/remcuanhuy.vn\/r\/mua\/rem-day-rem-soi\/rem-day-rem-soi-rd10-mau-nau-dep\/","title":{"rendered":"R\u00e8m D\u00e2y &#8211; R\u00e8m S\u1ee3i RD10 M\u00e0u N\u00e2u \u0110\u1eb9p"},"content":{"rendered":"<p><a href=\"https:\/\/remcuanhuy.vn\/r\/wp-content\/uploads\/2019\/05\/rem-day_dep-10.jpg\"><img loading=\"lazy\" decoding=\"async\" class=\"aligncenter size-full wp-image-2693\" src=\"https:\/\/remcuanhuy.vn\/r\/wp-content\/uploads\/2019\/05\/rem-day_dep-10.jpg\" alt=\"\" width=\"960\" height=\"717\" srcset=\"https:\/\/remcuanhuy.vn\/r\/wp-content\/uploads\/2019\/05\/rem-day_dep-10.jpg 960w, https:\/\/remcuanhuy.vn\/r\/wp-content\/uploads\/2019\/05\/rem-day_dep-10-600x448.jpg 600w, https:\/\/remcuanhuy.vn\/r\/wp-content\/uploads\/2019\/05\/rem-day_dep-10-64x48.jpg 64w, https:\/\/remcuanhuy.vn\/r\/wp-content\/uploads\/2019\/05\/rem-day_dep-10-300x224.jpg 300w, https:\/\/remcuanhuy.vn\/r\/wp-content\/uploads\/2019\/05\/rem-day_dep-10-768x574.jpg 768w, https:\/\/remcuanhuy.vn\/r\/wp-content\/uploads\/2019\/05\/rem-day_dep-10-206x154.jpg 206w\" sizes=\"(max-width: 960px) 100vw, 960px\" \/><\/a><\/p>\n","protected":false},"excerpt":{"rendered":"<p>R\u00e8m d\u00e2y r\u00e8m s\u1ee3i m\u00e0u n\u00e2u \u0111\u1eb9p l\u00e0 t\u00e1c ph\u1ea9m trang tr\u00ed cho kh\u00f4ng gian n\u1ed9i th\u1ea5t th\u00eam ph\u1ea7n huy\u1ec1n \u1ea3o nh\u01b0 m\u1ed9ng. C\u00f9ng m\u1ed9t m\u1eabu c\u00f3 v\u00f4 v\u00e0n m\u00e0u s\u1eafc cho b\u1ea1n l\u1ef1a ch\u1ecdn. N\u1ebfu qu\u00fd kh\u00e1ch h\u00e0ng mu\u1ed1n trang tr\u00ed n\u1ed5i b\u1eadt h\u01a1n th\u00ec c\u1eeda h\u00e0ng l\u1ea1i c\u00f3 th\u00eam c\u00f3 m\u1eabu r\u00e8m d\u00e2y \u0111\u00ednh kim tuy\u1ebfn khuy\u1ebfn kh\u00f4ng gian c\u00e0ng tr\u1edf n\u00ean lung linh th\u01a1 m\u1ed9ng.<\/p>\n<ul>\n<li>M\u00e0u s\u1eafc: Nhi\u1ec1u m\u00e0u (36 gam m\u00e0u ch\u1ee7 \u0111\u1ea1o)<\/li>\n<li>Thi\u1ebft k\u1ebf: theo <strong>m\u1eabu r\u00e8m c\u1eeda \u0111\u1eb9p 2021<\/strong><\/li>\n<li>T\u00e1c d\u1ee5ng: trang tr\u00ed, l\u00e0m \u0111\u1eb9p, phong th\u1ee7y, \u0111i\u1ec1u ch\u1ec9nh \u00e1nh s\u00e1ng, ch\u1ed1ng b\u1ee5i, \u0111i\u1ec1u ti\u1ebft c\u1ea3m x\u00fac.<\/li>\n<li>Gi\u00e1 th\u00e0nh: gi\u00e1 c\u00f3 ph\u1ea7n l\u1ea5n \u00e1t c\u00e1c lo\u1ea1i r\u00e8m kh\u00e1c n\u1ebfu so v\u1ec1 k\u00edch th\u01b0\u1edbc v\u00e0 gi\u00e1 th\u00e0nh.<\/li>\n<li>K\u00edch th\u01b0\u1edbc: 3mx3m<\/li>\n<\/ul>\n","protected":false},"featured_media":2693,"comment_status":"open","ping_status":"closed","template":"","meta":[],"product_cat":[95],"product_tag":[133,364],"_links":{"self":[{"href":"https:\/\/remcuanhuy.vn\/r\/wp-json\/wp\/v2\/product\/2692"}],"collection":[{"href":"https:\/\/remcuanhuy.vn\/r\/wp-json\/wp\/v2\/product"}],"about":[{"href":"https:\/\/remcuanhuy.vn\/r\/wp-json\/wp\/v2\/types\/product"}],"replies":[{"embeddable":true,"href":"https:\/\/remcuanhuy.vn\/r\/wp-json\/wp\/v2\/comments?post=2692"}],"wp:featuredmedia":[{"embeddable":true,"href":"https:\/\/remcuanhuy.vn\/r\/wp-json\/wp\/v2\/media\/2693"}],"wp:attachment":[{"href":"https:\/\/remcuanhuy.vn\/r\/wp-json\/wp\/v2\/media?parent=2692"}],"wp:term":[{"taxonomy":"product_cat","embeddable":true,"href":"https:\/\/remcuanhuy.vn\/r\/wp-json\/wp\/v2\/product_cat?post=2692"},{"taxonomy":"product_tag","embeddable":true,"href":"https:\/\/remcuanhuy.vn\/r\/wp-json\/wp\/v2\/product_tag?post=2692"}],"curies":[{"name":"wp","href":"https:\/\/api.w.org\/{rel}","templated":true}]}}